{"id":51,"date":"2017-04-26T12:33:18","date_gmt":"2017-04-26T12:33:18","guid":{"rendered":"https:\/\/anfratec.de\/?page_id=51"},"modified":"2024-02-19T10:41:34","modified_gmt":"2024-02-19T10:41:34","slug":"impressum","status":"publish","type":"page","link":"https:\/\/anfratec.de\/?page_id=51","title":{"rendered":"Impressum"},"content":{"rendered":"<p>Angaben gem\u00e4\u00df \u00a7 5 TMG und \u00a7 55 RStV<\/p>\n<h2 id=\"tablepress-1-name\" class=\"tablepress-table-name tablepress-table-name-id-1\">Impressum<\/h2>\n\n<table id=\"tablepress-1\" class=\"tablepress tablepress-id-1\" aria-labelledby=\"tablepress-1-name\">\n<thead>\n<tr class=\"row-1\">\n\t<th class=\"column-1\">Anschrift:<\/th><th class=\"column-2\">Kontakt:<\/th><td class=\"column-3\"><\/td>\n<\/tr>\n<\/thead>\n<tbody class=\"row-striping row-hover\">\n<tr class=\"row-2\">\n\t<td class=\"column-1\">ANFRATEC Hard- und Software<br \/>\nVertriebs GmbH i.L. Schmalkalden<br \/>\nBlechhammer 1<br \/>\n<br \/>\n98574 Schmalkalden<\/td><td class=\"column-2\">Telefon:<br \/>\nFax:<br \/>\nEmail:<br \/>\nWeb:<br \/>\nUSt.-ID:<br \/>\nHandelsregister:<br \/>\nzust\u00e4ndiges Gericht:<br \/>\nLiquidator:<\/td><td class=\"column-3\">+49 (0) 3683 69 14 0<br \/>\n+49 (0) 3683 69 14 19<br \/>\ninfo@anfratec.de<br \/>\nhttp:\/\/www.anfratec.de<br \/>\nDE 150923000<br \/>\n302338<br \/>\nAmtsgericht Jena<br \/>\nDipl.-Ing. Frank Engelmann<br \/>\n<br \/>\n <br \/>\n<\/td>\n<\/tr>\n<\/tbody>\n<\/table>\n<!-- #tablepress-1 from cache -->\n\n<table id=\"tablepress-2\" class=\"tablepress tablepress-id-2\">\n<thead>\n<tr class=\"row-1\">\n\t<th class=\"column-1\">Inhaltlich verantwortlich:<\/th><th class=\"column-2\">Technisch verantwortlich:<\/th>\n<\/tr>\n<\/thead>\n<tbody class=\"row-striping row-hover\">\n<tr class=\"row-2\">\n\t<td class=\"column-1\">Frank Engelmann<br \/>\nBlechhammer 1<br \/>\n98574 Schmalkalden<\/td><td class=\"column-2\">Frank Engelmann<br \/>\nBlechhammer 1<br \/>\n98574 Schmalkalden<br \/>\n<br \/>\ninfo@anfratec.de<\/td>\n<\/tr>\n<\/tbody>\n<\/table>\n<!-- #tablepress-2 from cache -->\n\n<table id=\"tablepress-3\" class=\"tablepress tablepress-id-3\">\n<thead>\n<tr class=\"row-1\">\n\t<th class=\"column-1\">Bankverbindungen:<\/th><td class=\"column-2\"><\/td>\n<\/tr>\n<\/thead>\n<tbody class=\"row-striping row-hover\">\n<tr class=\"row-2\">\n\t<td class=\"column-1\">Bank: Volks-&amp; Raiffeisenbank<br \/>\nBad Salzungen Schmalkalden eG<br \/>\nKonto: 3 021 947<br \/>\nBLZ: 840 947 54<\/td><td class=\"column-2\">Bank: Rh\u00f6n-Rennsteig-Sparkasse<br \/>\nKonto: 1 505 006 577<br \/>\nBLZ: 840 500 00<\/td>\n<\/tr>\n<tr class=\"row-3\">\n\t<td class=\"column-1\"><\/td><td class=\"column-2\"><\/td>\n<\/tr>\n<tr class=\"row-4\">\n\t<td class=\"column-1\"><\/td><td class=\"column-2\"><\/td>\n<\/tr>\n<tr class=\"row-5\">\n\t<td class=\"column-1\"><\/td><td class=\"column-2\"><\/td>\n<\/tr>\n<\/tbody>\n<\/table>\n<!-- #tablepress-3 from cache -->\n<p><strong>Bildquellennachweis:\u00a0\u00a0\u00a0\u00a0 <\/strong>Anfratec, Archiv<\/p>\n<p>Diese Auflistung erhebt keinen Anspruch auf Vollst\u00e4ndigkeit. Sollte ein berechtigter Anpruch auf Nennung an dieser Stelle gegeben sein, bitten wir um eine kurze Information. Die Auflistung wird folglich aktualisiert. <strong>Nutzungsbedingungen, Datenschutz, Widerrufsrecht, Haftungsausschluss<\/strong> Diese Bedingungen richten sich an die Nutzer des Internetangebots auf der Domain anfratec.de und deren Subdomains . F\u00fcr Anbieter von Inhalten auf diesen Seiten gelten gesonderte Bedingungen. <!--more--><\/p>\n<div>\n<p><strong>\u00a01. Inhalt des Onlineangebotes<\/strong><\/p>\n<p>Der Autor \u00fcbernimmt keinerlei Gew\u00e4hr f\u00fcr die Aktualit\u00e4t, Korrektheit, Vollst\u00e4ndigkeit oder Qualit\u00e4t der bereitgestellten Informationen. Haftungsanspr\u00fcche gegen den Autor, welche sich auf Sch\u00e4den materieller oder ideeller Art beziehen, die durch die Nutzung oder Nichtnutzung der dargebotenen Informationen bzw. durch die Nutzung fehlerhafter und unvollst\u00e4ndiger Informationen verursacht wurden, sind grunds\u00e4tzlich ausgeschlossen, sofern seitens des Autors kein nachweislich vors\u00e4tzliches oder grob fahrl\u00e4ssiges Verschulden vorliegt. Alle Angebote sind freibleibend und unverbindlich. Der Autor beh\u00e4lt es sich ausdr\u00fccklich vor, Teile der Seiten oder das gesamte Angebot ohne gesonderte Ank\u00fcndigung zu ver\u00e4ndern, zu erg\u00e4nzen, zu l\u00f6schen oder die Ver\u00f6ffentlichung zeitweise oder endg\u00fcltig einzustellen.<\/p>\n<p><strong>2. Verweise und Links <\/strong><\/p>\n<p>Bei direkten oder indirekten Verweisen auf fremde Webseiten (&#8222;Hyperlinks&#8220;), die au\u00dferhalb des Verantwortungsbereiches des Autors liegen, w\u00fcrde eine Haftungsverpflichtung ausschlie\u00dflich in dem Fall in Kraft treten, in dem der Autor von den Inhalten Kenntnis hat und es ihm technisch m\u00f6glich und zumutbar w\u00e4re, die Nutzung im Falle rechtswidriger Inhalte zu verhindern. Der Autor erkl\u00e4rt hiermit ausdr\u00fccklich, dass zum Zeitpunkt der Linksetzung keine illegalen Inhalte auf den zu verlinkenden Seiten erkennbar waren. Auf die aktuelle und zuk\u00fcnftige Gestaltung, die Inhalte oder die Urheberschaft der verlinkten\/verkn\u00fcpften Seiten hat der Autor keinerlei Einfluss. Deshalb distanziert er sich hiermit ausdr\u00fccklich von allen Inhalten aller verlinkten \/verkn\u00fcpften Seiten, die nach der Linksetzung ver\u00e4ndert wurden. Diese Feststellung gilt f\u00fcr alle innerhalb des eigenen Internetangebotes gesetzten Links und Verweise sowie f\u00fcr Fremdeintr\u00e4ge in vom Autor eingerichteten G\u00e4steb\u00fcchern, Diskussionsforen, Linkverzeichnissen, Mailinglisten und in allen anderen Formen von Datenbanken, auf deren Inhalt externe Schreibzugriffe m\u00f6glich sind. F\u00fcr illegale, fehlerhafte oder unvollst\u00e4ndige Inhalte und insbesondere f\u00fcr Sch\u00e4den, die aus der Nutzung oder Nichtnutzung solcherart dargebotener Informationen entstehen, haftet allein der Anbieter der Seite, auf welche verwiesen wurde, nicht derjenige, der \u00fcber Links auf die jeweilige Ver\u00f6ffentlichung lediglich verweist.<\/p>\n<p><strong>3. Urheber- und Kennzeichenrecht<\/strong><\/p>\n<p>Der Autor ist bestrebt, in allen Publikationen die Urheberrechte der verwendeten Bilder, Grafiken, Tondokumente, Videosequenzen und Texte zu beachten, von ihm selbst erstellte Bilder, Grafiken, Tondokumente, Videosequenzen und Texte zu nutzen oder auf lizenzfreie Grafiken, Tondokumente, Videosequenzen und Texte zur\u00fcckzugreifen. Alle innerhalb des Internetangebotes genannten und ggf. durch Dritte gesch\u00fctzten Marken- und Warenzeichen unterliegen uneingeschr\u00e4nkt den Bestimmungen des jeweils g\u00fcltigen Kennzeichenrechts und den Besitzrechten der jeweiligen eingetragenen Eigent\u00fcmer. Allein aufgrund der blo\u00dfen Nennung ist nicht der Schluss zu ziehen, dass Markenzeichen nicht durch Rechte Dritter gesch\u00fctzt sind. Das Copyright f\u00fcr ver\u00f6ffentlichte, vom Autor selbst erstellte Objekte bleibt allein beim Autor der Seiten. Eine Vervielf\u00e4ltigung oder Verwendung solcher Grafiken, Tondokumente, Videosequenzen und Texte in anderen elektronischen oder gedruckten Publikationen ist ohne ausdr\u00fcckliche Zustimmung des Autors nicht gestattet.<\/p>\n<p><strong>4. Datenschutz<\/strong><\/p>\n<p>Sofern innerhalb des Internetangebotes die M\u00f6glichkeit zur Eingabe pers\u00f6nlicher oder gesch\u00e4ftlicher Daten (Emailadressen, Namen, Anschriften) besteht, so erfolgt die Preisgabe dieser Daten seitens des Nutzers auf ausdr\u00fccklich freiwilliger Basis. Die Inanspruchnahme und Bezahlung aller angebotenen Dienste ist &#8211; soweit technisch m\u00f6glich und zumutbar &#8211; auch ohne Angabe solcher Daten bzw. unter Angabe anonymisierter Daten oder eines Pseudonyms gestattet. Die Nutzung der im Rahmen des Impressums oder vergleichbarer Angaben ver\u00f6ffentlichten Kontaktdaten wie Postanschriften, Telefon- und Faxnummern sowie Email-Adressen durch Dritte zur \u00dcbersendung von nicht ausdr\u00fccklich angeforderten Informationen ist nicht gestattet. Rechtliche Schritte gegen die Versender von sogenannten Spam-Mails bei Verst\u00f6ssen gegen dieses Verbot sind ausdr\u00fccklich vorbehalten.<\/p>\n<p><strong>5. Datenschutzerkl\u00e4rung<\/strong><\/p>\n<p><strong>5.1.<\/strong><strong> Erhebung, Verarbeitung und Nutzung personenbezogener Daten<\/strong><\/p>\n<p>Sie k\u00f6nnen unseren Online-Shop besuchen, ohne Angaben zu Ihrer Person zu machen. Personenbezogene Daten werden nur erfasst, wenn Sie uns diese in Rahmen Ihrer Warenbestellung oder bei Er\u00f6ffnung eines Kundenkontos im Online-Shop freiwillig mitteilen. Die von Ihnen mitgeteilten Daten werden ohne Ihre gesonderte Einwilligung ausschlie\u00dflich zur Erf\u00fcllung und Abwicklung Ihrer Bestellung genutzt. Mit vollst\u00e4ndiger Abwicklung des Vertrages und vollst\u00e4ndiger Bezahlung der Ware werden Ihre Daten nicht weiter verwendet. Ferner haben Sie das Recht, Ihre pers\u00f6nlichen Daten sowie die Einstellungen Ihres Kundenkontos jederzeit einzusehen und diese zu korrigieren, zu erg\u00e4nzen oder zu l\u00f6schen. Ma\u00dfgeblich f\u00fcr die Verwendung Ihrer Daten sind die jeweils geltenden gesetzlichen Bestimmungen, insbesondere das Bundesdatenschutzgesetz und das Teledienst- Datenschutzgesetz. Sollten wir Daten f\u00fcr einen Zweck verwenden, der nach den gesetzlichen Bestimmungen Ihr Einverst\u00e4ndnis voraussetzt, werden wir Sie zuvor um Ihre ausdr\u00fcckliche Zustimmung bitten. Ihr Einverst\u00e4ndnis k\u00f6nnen Sie jederzeit mit Wirkung f\u00fcr die Zukunft mit einer E-Mail an <a href=\"mailto:info@anfratec.de\">info@anfratec.de<\/a> widerrufen<strong>.<\/strong><\/p>\n<p><strong>5.2. Weitergabe personenbezogener Daten<\/strong><\/p>\n<p>Die Weitergabe personenbezogener Daten an das mit der Lieferung beauftragte Versandunternehmen ist erforderlich, soweit dies zu Lieferung der Waren notwendig ist. Zur Abwicklung von Zahlungen geben wir personenbezogene Kontodaten an das mit der Zahlung beauftragte Kreditinstitut weiter. Die Weitergabe personenbezogener Daten an sonstige Dritte ist ausgeschlossen.<\/p>\n<p><strong>5.3. Verwendung von Cookies<\/strong><\/p>\n<p>Unser Online-Shop verwendet so genannte Cookies, d.h. Dateien, die auf Ihrem Computer abgelegt werden, dort abgerufen werden k\u00f6nnen und der individuellen Benutzung des Internetangebots dienen. Die gespeicherten Informationen dienen der individuellen Funktionalit\u00e4t der Website. Automatisch gel\u00f6scht werden Cookies entweder beim Schlie\u00dfen des Web-Browsers, (falls vorher in den Browsereinstellungen vereinbart), oder durch manuelles L\u00f6schen \u00fcber die erweiterten Funktionen des Web-Browsers. Das Akzeptieren von Cookies ist jedoch nicht Bedingung f\u00fcr die Benutzung unseres Internet-Angebots. Wir weisen aber darauf hin, dass die Ablehnung von Cookies zu einer eingeschr\u00e4nkten Funktionalit\u00e4t der WebSite f\u00fchren kann.<\/p>\n<p><strong>5.4. Datensicherheit<\/strong><\/p>\n<p>Personenbezogenen Daten sind durch ein Passwort gesch\u00fctzt, so dass nur diese Person Zugang zu diesen Daten hat. Bitte beachten Sie, dass keine andere Person Zugang zu Ihrem Passwort hat. Die Internet-Seite www.anfratec.de oder der daran angebundene Online-Shop werden auf keinen Fall eine E-Mail an Sie versenden, in der Sie aufgefordert werden, Ihr Passwort mitzuteilen. Aus Sicherheitsgr\u00fcnden empfehlen wir Ihnen, das Browserfenster zum Ende der Nutzung unserer Internetseiten zu schlie\u00dfen und\u00a0\u00a0 nicht f\u00fcr den Besuch weiterer Seiten im Internet zu verwenden. Dies gilt insbesondere, wenn Sie einen \u00f6ffentlich zug\u00e4nglichen PC nutzen.<\/p>\n<p><strong>5.5. Auskunftsrecht<\/strong><\/p>\n<p>Nach dem Bundesdatenschutzgesetz haben Sie das Recht auf unentgeltliche Auskunft bez\u00fcglich der von uns gespeicherten, Ihre Person betreffende Daten sowie ggf. ein Recht auf Berichtigung, Sperrung oder L\u00f6schung dieser Daten. Sofern Sie in die Nutzung Ihrer personenbezogenen Daten eingewilligt haben, k\u00f6nnen Sie Ihre Einwilligung jederzeit durch eine E-Mail an <a href=\"mailto:info@anfratec.de\">info@anfratec.de<\/a> widerrufen<strong>.<\/strong><\/p>\n<p><strong style=\"font-size: 15px; background-color: initial;\">6. Widerrufsrecht<\/strong><\/p>\n<p><strong style=\"font-size: 15px; background-color: initial;\">6.1. R\u00fcckgabe-\/Widerrufsrecht f\u00fcr Verbrauchervertr\u00e4ge<\/strong><\/p>\n<p>W<span style=\"font-family: inherit; font-style: inherit; font-weight: inherit; background-color: initial;\">ir gew\u00e4hren ausschlie\u00dflich f\u00fcr Rechtsgesch\u00e4fte, die eine nat\u00fcrliche Person zu Zwecken abschlie\u00dft, die in ihrer beruflichen T\u00e4tigkeit weder einer gewerblichen noch einer selbst\u00e4ndigen zugerechnet werden kann, das gesetzliche R\u00fcckgabe-\/Widerrufsrecht. Diese Kunden sind an Ihre Bestellung nicht mehr gebunden, wenn sie die Waren binnen einer Frist von 2 Wochen, nach Erhalt, an uns zur\u00fccksenden, (ohne Angabe von Gr\u00fcnden und auf eigene Gefahr). Zur Fristwahrung gen\u00fcgt die rechtzeitige Absendung an:\u00a0 <\/span><strong style=\"font-size: 15px; background-color: initial;\"><em>ANFRATEC Hard- und Software Vertriebs GmbH i.L. Blechhammer 1 98574 Schmalkalden<\/em><\/strong><\/p>\n<p><strong style=\"font-size: 15px; background-color: initial;\">6.2. Ausschluss des R\u00fcckgabe-\/Widerrufsrechts<\/strong><\/p>\n<p><span style=\"font-family: inherit; font-style: inherit; font-weight: inherit; background-color: initial;\">Das R\u00fcckgaberecht besteht nicht bei versiegelter Ware wie: Audio-, Video-, Daten- und Tontr\u00e4ger, Software auf Datentr\u00e4gern aller Art, B\u00fccher, Batterien, Akkus sofern die versiegelte Verpackung ge\u00f6ffnet\/besch\u00e4digt wurde. Des Weiteren besteht kein R\u00fcckgaberecht f\u00fcr individuell konfigurierte PC-Systeme, f\u00fcr Produkte welche nach Kundenspezifikationen hergestellt bzw. beschafft wurden, f\u00fcr angepasste Hard- und Software, Dienstleistungen und Downloads. Kundenspezifische Zusammenstellungen von Soft- und Hardwareprodukten werden nicht einzeln zur\u00fcck genommen und k\u00f6nnen nur komplett zur\u00fcck gesendet\u00a0 werden. Software ist generell vom Umtausch und der R\u00fcckgabe ausgeschlossen!<\/span><\/p>\n<p><strong style=\"font-size: 15px; background-color: initial;\">6.3. R\u00fccknahmebedingungen\/Ersatzanspr\u00fcche<\/strong><\/p>\n<p><span style=\"font-family: inherit; font-style: inherit; font-weight: inherit; background-color: initial;\">Bei der R\u00fcckgabe der Ware ist zu ber\u00fccksichtigen, dass sich die Ware im Originalzustand und in der unbesch\u00e4digten Original-\/ Verkaufsverpackung befindet. Bei wesentlichen Verschlechterungen der Ware wie Verschmutzung, Besch\u00e4digungen, besch\u00e4digter Verkaufsverpackung, besch\u00e4digter Dokumentation, unvollst\u00e4ndiger R\u00fcckgabe,\u00a0 behalten wir uns ausdr\u00fccklich vor Ersatz zu verlangen. Ebenfalls ist der Wert der Gebrauchs\u00fcberlassung bis zur R\u00fccksendung zu verg\u00fcten. Dies betrifft Verbrauchsmaterialien wie Tinte, Papier, Toner, Rohlinge, Datentr\u00e4ger, Medien, Batterien, Akkus, etc. die in Verbindung mit einer Ware von uns geliefert wurden.\u00a0 Dies kann die Verpflichtung des Kunden zur Zahlung des vollen Kaufpreises begr\u00fcnden. Ersatzanspr\u00fcche machen wir insbesondere bei Prozessoren, Speichermodulen, Festplatten, TFT- Monitoren und weiteren PC-Artikeln, mindestens in der H\u00f6he des Preisverfalls geltend, zumal diese einem st\u00e4ndigen Preisverfall unterliegen. Auf die tats\u00e4chliche Benutzung der Ware kommt es dabei nicht an. Ersatzanspr\u00fcche treffen den K\u00e4ufer nat\u00fcrlich auch bei Verlust der Ware, sofern dies nicht auf dem Wege des Versandes der Ware geschieht. Unfrei eingesandte R\u00fccksendungen werden nicht angenommen. Nach Eingang und Pr\u00fcfung der Ware erstellen wir dem Kunden eine entsprechende Gutschrift unter Bezugnahme auf unsere AGB. Der Kaufpreis wird von uns erstattet,sofern die Zahlung des Warenwertes bereits erfolgt ist<\/span><\/p>\n<p><strong style=\"font-size: 15px; background-color: initial;\">6.4. Widerrufsfolgen<\/strong><\/p>\n<p><span style=\"font-family: inherit; font-style: inherit; font-weight: inherit; background-color: initial;\">Im Falle eines wirksamen Widerrufs sind die beiderseits empfangenen Leistungen zur\u00fcckzugew\u00e4hren und gegebenenfalls gezogene Nutzungen (z.B. Zinsen) zu begleichen. Kann uns der Kunde die empfangene Leistung ganz oder teilweise nicht oder nur in verschlechtertem Zustand zur\u00fcckgew\u00e4hren, muss er uns einen dementsprechenden Wertersatz leisten. Bei der \u00dcberlassung von Sachen gilt dies nicht, wenn die Verschlechterung der Sache ausschlie\u00dflich auf deren Pr\u00fcfung &#8211; wie es etwa im Ladengesch\u00e4ft m\u00f6glich gewesen w\u00e4re &#8211; zur\u00fcckzuf\u00fchren ist. Paketversandf\u00e4hige Sachen sind auf eigene Gefahr zur\u00fcckzusenden. Der Kunde hat die Kosten der R\u00fccksendung zu tragen, wenn die gelieferte Ware der bestellten entspricht oder wenn der Kunde zum Zeitpunkt des Widerrufs noch nicht die Gegenleistung oder eine vertraglich vereinbarte Teilzahlung erbracht hat. Nicht paketversandf\u00e4hige Sachen werden bei der angegebenen\u00a0 Kundenadresse abgeholt. Verpflichtungen zur Erstattung von Zahlungen m\u00fcssen innerhalb von 30 Tagen erf\u00fcllt werden. Die Frist beginnt f\u00fcr den Kunden mit der Absendung der Widerrufserkl\u00e4rung oder des Kaufgegenstandes,\u00a0 f\u00fcr uns mit dem Empfang der entsprechenden Ware.<\/span><\/p>\n<p><strong>Haftungsausschlu\u00df<\/strong><\/p>\n<p>Dieser Haftungsausschluss ist als Teil des Internetangebotes zu betrachten, von dem aus auf diese Seite verwiesen wurde. Sofern Teile oder einzelne Formulierungen dieses Textes der geltenden Rechtslage nicht, nicht mehr oder nicht vollst\u00e4ndig entsprechen sollten, bleiben die \u00fcbrigen Teile des Dokumentes in ihrem Inhalt und ihrer G\u00fcltigkeit davon unber\u00fchrt.<\/p>\n<\/div>\n\n\n<p><\/p>\n","protected":false},"excerpt":{"rendered":"<p>Angaben gem\u00e4\u00df \u00a7 5 TMG und \u00a7 55 RStV Bildquellennachweis:\u00a0\u00a0\u00a0\u00a0 Anfratec, Archiv Diese Auflistung erhebt keinen Anspruch auf Vollst\u00e4ndigkeit. Sollte ein berechtigter Anpruch auf Nennung an dieser Stelle gegeben sein, bitten wir um eine kurze Information. Die Auflistung wird folglich aktualisiert. Nutzungsbedingungen, Datenschutz, Widerrufsrecht, Haftungsausschluss Diese Bedingungen richten sich an die Nutzer des Internetangebots auf [&hellip;]<\/p>\n","protected":false},"author":1,"featured_media":0,"parent":0,"menu_order":0,"comment_status":"closed","ping_status":"closed","template":"","meta":{"footnotes":""},"class_list":["post-51","page","type-page","status-publish","hentry"],"_links":{"self":[{"href":"https:\/\/anfratec.de\/index.php?rest_route=\/wp\/v2\/pages\/51","targetHints":{"allow":["GET"]}}],"collection":[{"href":"https:\/\/anfratec.de\/index.php?rest_route=\/wp\/v2\/pages"}],"about":[{"href":"https:\/\/anfratec.de\/index.php?rest_route=\/wp\/v2\/types\/page"}],"author":[{"embeddable":true,"href":"https:\/\/anfratec.de\/index.php?rest_route=\/wp\/v2\/users\/1"}],"replies":[{"embeddable":true,"href":"https:\/\/anfratec.de\/index.php?rest_route=%2Fwp%2Fv2%2Fcomments&post=51"}],"version-history":[{"count":19,"href":"https:\/\/anfratec.de\/index.php?rest_route=\/wp\/v2\/pages\/51\/revisions"}],"predecessor-version":[{"id":467,"href":"https:\/\/anfratec.de\/index.php?rest_route=\/wp\/v2\/pages\/51\/revisions\/467"}],"wp:attachment":[{"href":"https:\/\/anfratec.de\/index.php?rest_route=%2Fwp%2Fv2%2Fmedia&parent=51"}],"curies":[{"name":"wp","href":"https:\/\/api.w.org\/{rel}","templated":true}]}}